 q is divided by 11?
9
Let a(n) = 115*n**3 + 2*n**2 - 2*n + 1. Let m be a(1). Let s be (3/3)/((-1)/(-25)). Suppose -3*u + s = -m. What is the remainder when u is divided by 16?
15
Suppose 2*s = 3 + 3. What is the remainder when -2*2*20/(-8) is divided by s?
1
Suppose 7*b + 4*i = 2*b + 290, 0 = -i - 5. What is the remainder when b is divided by 16?
14
Suppose -4*z + 16 = -0*z. Calculate the remainder when 12 is divided by z.
0
Calculate the remainder when 97 is divided by 3/9 + 59/3.
17
Suppose -5*z - u + 23 = 0, -3*z + 7 + 8 = u. Suppose 2*q + 6 = 0, z*j + 3*q = -0*j + 67. What is the remainder when j is divided by 10?
9
Let k be (-1)/(-2) + (-44)/(-8). Let w = 25 - k. What is the remainder when w is divided by 10?
9
Suppose 5*s - 37 - 26 = -u, -4*u + 160 = -3*s. Suppose -u - 13 = -2*l. Suppose -3*y + 25 + 5 = 0. What is the remainder when l is divided by y?
8
Let v(y) be the first derivative of -y**2/2 + 15*y - 4. Calculate the remainder when 19 is divided by v(9).
1
Suppose 0 = -j + 21 + 9. Suppose -j = 2*q - 120. Calculate the remainder when q is divided by 16.
13
Let o be (-1)/(((-2)/(-6))/(-1)). Suppose 53 + 7 = 6*h. What is the remainder when 86/o - 2/3 is divided by h?
8
Let t(n) be the second derivative of -n**4/12 + n**3 + 3*n**2/2 + 2*n. What is the remainder when 31 is divided by t(4)?
9
Suppose -6*q = 4*h - 4*q - 64, 64 = 4*h - q. Let m(y) = y**2 - 19*y + 6. Calculate the remainder when h is divided by m(19).
4
Suppose -4*a - 2 = -10. Let o(k) = k - 6. Let t be o(6). Suppose t*w + 2*n = -2*w + 30, -n = a. What is the remainder when 49 is divided by w?
15
Suppose -q + 20 + 61 = 0. Let x = -2 - -23. Calculate the remainder when q is divided by x.
18
Let s be (-1)/((-9)/(-6) + -2). Suppose 4*c - a + 5*a - 152 = 0, -94 = -3*c + s*a. Calculate the remainder when c is divided by 12.
10
Let b = 9 - 4. What is the remainder when 12 is divided by b?
2
Let i(q) = 2*q**2 - 7*q + 4. Calculate the remainder when i(6) is divided by ((-18)/(-21))/((-1)/(-14)).
10
Suppose 0 = 2*n - 59 - 1. Suppose 5*b - 2*l - 58 = 0, -5*b - 2*l = -l - 46. Calculate the remainder when ((-8)/(-2))/(-2) + n is divided by b.
8
Suppose 4*b - 4*k - 88 = 0, -4*b - 3*k + 39 = -2*b. What is the remainder when 83 is divided by b?
20
Suppose m - 4 = -0*m. Suppose -t = m*t - 135. Calculate the remainder when 79 is divided by t.
25
What is the remainder when ((-10)/4)/(2/(-20)) is divided by 4?
1
Suppose -4*f - o = -2, -2*f + f + 4*o = -9. Calculate the remainder when 13 is divided by 1/(f + 18/(-21)).
6
Suppose -g + 3*g + 48 = 0. Let b = 4 + g. Let x = -13 - b. What is the remainder when 19 is divided by x?
5
Let s be 27/12 + (-2)/8. Suppose 0*p - 3*p - 5*d = 16, -s*d = 5*p - 5. What is the remainder when 7 is divided by p?
1
Suppose -y = -0*y + 2, 0 = -f - 5*y. Let a(i) = i**3 + 5*i**2 - 6*i + 4. Calculate the remainder when f is divided by a(-6).
2
Suppose -31 = -u + 5*o, -u + 4*o = 2*o - 19. Suppose -5*s + 47 = 5*n - 2*n, -68 = -2*n + 4*s. Let q = n - u. Calculate the remainder when 38 is divided by q.
12
Suppose 5*t = -5*k + 2 - 12, 4*k = 5*t + 19. Suppose 0*w + w = k. What is the remainder when 22 is divided by 8/(w + -2 + 2)?
6
Suppose -t - 10 = -6*t, 4*i - 3*t - 294 = 0. Calculate the remainder when i is divided by 39.
36
Suppose -3*v + 385 = 2*v. What is the remainder when v is divided by 16?
13
Suppose u - 1 = -0*u. Suppose -3*h + 4 = -2*h. Suppose 0*y - 8 = -h*y. What is the remainder when y is divided by u?
0
Let g = -9 + 10. Calculate the remainder when 1 is divided by g.
0
What is the remainder when 24 is divided by (3/1)/((-12)/(-60))?
9
Suppose -w + 103 = 3*t + 27, 5*w = -5*t + 130. Calculate the remainder when 92 is divided by t.
17
Suppose 0*r + 9 = 3*r. Suppose -2*n = r*n + 50. Let q = n - -14. Calculate the remainder when 14 is divided by q.
2
Let s(m) = m**2 + 4*m + 1. Calculate the remainder when 17 is divided by s(-5).
5
Suppose 4*l + 97 - 333 = 0. What is the remainder when l is divided by 21?
17
Let a be -9 - 2*3/2. Let r = 29 + a. What is the remainder when 49 is divided by r?
15
Let c(p) = p + 1. Let j be c(4). Suppose 2*u + q + 15 = 0, 5*u + j*q + 27 = 3*u. Let z(d) = -2*d + 1. Calculate the remainder when 38 is divided by z(u).
12
Let j(w) = 10*w - 2. Calculate the remainder when 22 is divided by j(1).
6
Let p(z) = z**3 - 5*z**2 - 5*z + 13. Calculate the remainder when p(6) is divided by 11.
8
Let o = 32 + 5. Calculate the remainder when o is divided by 20.
17
Let t be 1/(-4) + 78/24. Suppose 2*r - 4*r = -14. Calculate the remainder when -1 + 26 + -3 + t is divided by r.
4
Let c = -36 + 41. What is the remainder when c is divided by 4?
1
Suppose -8 + 0 = -2*d. Calculate the remainder when d is divided by 1.
0
Calculate the remainder when 2/6*3 + 39 is divided by 15.
10
Calculate the remainder when 43 is divided by ((-2)/30)/(7/(-42))*30.
7
Suppose 4*d - 31 = -7. Suppose d - 66 = -4*p. Calculate the remainder when 43 is divided by p.
13
Let m(p) = -p**2 + 10*p - 6. Let r be m(9). Suppose 4*t - r*d = -0*d + 116, -5*d = -2*t + 58. Let i = 0 + 10. Calculate the remainder when t is divided by i.
9
Suppose -16 - 6 = -2*b. Calculate the remainder when 39 is divided by b.
6
Suppose 30 - 11 = 3*m + 4*p, -2*p = m - 7. Suppose 0 = -2*z - 3*r + 95, 0 = -m*z - 5*r + 258 - 28. What is the remainder when z is divided by 13 - (-1 + 3)*1?
10
Suppose -23*i = -19*i - 284. Calculate the remainder when i is divided by 24.
23
Suppose 5*q - 44 = q - 4*g, -q + g + 3 = 0. What is the remainder when q is divided by 5?
2
Suppose -3*f = 4*b - 29, 4*b - 5 = -5*f + 22. Let v(m) = 2*m**2 + 3*m - 5. What is the remainder when v(-5) is divided by b?
6
Suppose 40 = 4*d - 3*w, 0 = 3*d - 2*d + 2*w - 10. Calculate the remainder when 29 is divided by d.
9
Let i = 12 + -8. Let a(x) = 3*x + 3. Suppose -4*c - 97 + 273 = 0. What is the remainder when c is divided by a(i)?
14
Suppose 4*g - 80 = -g. Suppose 4*f - 6*f + g = 0. Suppose 5*u + 5*s = 95, -f*u + 3*u + s + 101 = 0. Calculate the remainder when u is divided by 7.
6
What is the remainder when 78 is divided by 16 - 11 - 3/(-3)*0?
3
Let p(d) = 3*d**2 - 3*d + 5. Let x = -16 + 18. What is the remainder when 42 is divided by p(x)?
9
What is the remainder when (-2)/15 + (4 - (-107)/15) is divided by 4?
3
Let b(n) = n**2 - 2*n + 3. Let f(s) = -s + 10. Calculate the remainder when b(3) is divided by f(7).
0
Let q(g) = g**2 - 8*g - 4. Let f = -26 + 87. Calculate the remainder when f is divided by q(10).
13
Let f(k) = 9*k - 3. Let z be f(9). Suppose g + 4*g = 3*s + z, 0 = -3*s - 3*g - 78. Let j = s + 39. Calculate the remainder when j is divided by 7.
6
Suppose -3*n + 2*a + 27 = -3*a, -5*n + 5*a + 35 = 0. Suppose n*t - 18 = 14. Calculate the remainder when 27 is divided by t.
3
Let g(t) = -9*t + 1. What is the remainder when g(-5) is divided by (-4)/(0 + (-3)/12)?
14
Suppose -2*u + 28 + 2 = 0. Let l = -69 - -118. Let a = 93 - l. What is the remainder when a is divided by u?
14
Suppose 85 = c + 4*c. Suppose -1 = -2*f + 21. Suppose h - f = c. What is the remainder when h is divided by 10?
8
What is the remainder when 7 is divided by 2*(1 + 3/6)?
1
Let h = -58 + 71. Calculate the remainder when 25 is divided by h.
12
Let i = -5 - -8. Suppose z + 4 + 1 = 0, 2*z = -m - 2. What is the remainder when m is divided by i?
2
Let x = 15 - 25. Let u = x - -23. What is the remainder when u is divided by 4?
1
Let k(a) = a**3 + 2*a**2 - a. Let y be k(1). Suppose 0 = -7*q + y*q - 5. Calculate the remainder when 1 is divided by 2/q - -1 - -2.
0
Let m = -43 + 67. Suppose 3*a + 31 = 5*z + 4*a, -2*z + 2*a = -22. Calculate the remainder when m is divided by z.
3
Let f be (-12)/(-14)*(1 - -6). Suppose f*a = a + 25. Suppose -y + 27 = 3*y + a*n, 0 = -5*y - 5*n + 35. Calculate the remainder when 23 is divided by y.
7
Let o(x) = -x**3 + 10*x**2 + 2*x - 3. Calculate the remainder when 45 is divided by o(10).
11
Calculate the remainder when 125 is divided by 7*(12/21 - (-2 - 0)).
17
Let l(g) = 56*g**3 - g**2 + 2*g - 1. What is the remainder when l(1) is divided by 20?
16
Let x(m) = 4*m**2 + 6*m + 2. Let q(p) = p**3 - p. Let s(r) = -3*q(r) - x(r). Let t = -27 - -25. What is the remainder when 22 is divided by s(t)?
10
Calculate the remainder when 13 is divided by -16*